3
In base 6, what is -3510 + -2000?
-5510
In base 5, what is 214312 + 111402?
331214
In base 4, what is 122320312212 + 3130?
122320322002
In base 2, what is -1010001110000 - -11011110100?
-110101111100
In base 7, what is -13341340 + 65?
-13341242
In base 10, what is -951 - 62887?
-63838
In base 9, what is -41 + 7600816?
7600765
In base 9, what is -1158700 - -1352?
-1157337
In base 14, what is 2a3274 + -5?
2a326d
In base 12, what is -334 - -21355?
21021
In base 15, what is -2186 - -1ebe?
-1b7
In base 3, what is 1121111211 + 120?
1121112101
In base 4, what is -2032323 - 32331220?
-101030203
In base 15, what is 85a00 + d?
85a0d
In base 12, what is -1 - 385971?
-385972
In base 13, what is 3b8725 + 24?
3b8749
In base 5, what is 10220111404 - 12?
10220111342
In base 14, what is 18021 + 839?
1885a
In base 13, what is 612c5340 - 5?
612c5338
In base 12, what is -1185a - 143b?
-13099
In base 16, what is 2f59 + 21f1?
514a
In base 9, what is -4157087 - 3?
-4157101
In base 16, what is -676e - 14?
-6782
In base 3, what is -120101021210010 - -1011?
-120101021201222
In base 12, what is 1aa6 - -28b?
2175
In base 7, what is -1324 - 2125651?
-2130305
In base 10, what is 502 + 35922?
36424
In base 4, what is -2323120102 + -2012?
-2323122120
In base 16, what is -723a + 55?
-71e5
In base 10, what is 79 + 483286?
483365
In base 11, what is 5 + 748389a?
74838a4
In base 4, what is 100000231332 - -11?
100000232003
In base 12, what is -a4409 + 1a2?
-a4227
In base 3, what is 102101211210 + 1100?
102101220010
In base 3, what is -11122121 - 12002111?
-100202002
In base 15, what is -4 - -916a47?
916a43
In base 2, what is -1100101 + 101100000101101111101?
101100000101100011000
In base 4, what is -3112301110022 + 12?
-3112301110010
In base 7, what is -141 - 14141165?
-14141336
In base 16, what is b823 + -d11?
ab12
In base 15, what is -343e2b0 - -6?
-343e2a9
In base 9, what is 456 - -61134?
61601
In base 16, what is 354cb3 + b?
354cbe
In base 3, what is -101 - -1211202122100?
1211202121222
In base 11, what is -1a - -98a94?
98a75
In base 15, what is 897b62 - -4?
897b66
In base 2, what is -10111001111011 - 10010?
-10111010001101
In base 11, what is 22 + -22457?
-22435
In base 8, what is 22171 + 4201?
26372
In base 12, what is 25896 + 1320?
26bb6
In base 10, what is -265577 - 9?
-265586
In base 10, what is 20 + -390493?
-390473
In base 16, what is -c5bd + 2805?
-9db8
In base 9, what is 611 - 4822?
-4211
In base 3, what is -20220121012102 + -20?
-20220121012122
In base 2, what is -1001 + -1011001100010000000100110?
-1011001100010000000101111
In base 9, what is 3 + 164022?
164025
In base 6, what is 3224 + 20023?
23251
In base 15, what is -1e2 - 7d5c4?
-7d7b6
In base 14, what is -460 + -27b77?
-281d7
In base 2, what is 101 - 100000110001111010001010?
-100000110001111010000101
In base 15, what is -9 + -58a264?
-58a26d
In base 16, what is 2d69 + 37d?
30e6
In base 5, what is -2 + 11104242302?
11104242300
In base 4, what is 2 + -20120332312222?
-20120332312220
In base 15, what is -ad63448 - 2?
-ad6344a
In base 15, what is 329 + 1273?
159c
In base 4, what is -122002310200202 - -2?
-122002310200200
In base 3, what is -1202200111 - -121212?
-1202001122
In base 12, what is 19 - 96131?
-96114
In base 8, what is -11 + 53152605?
53152574
In base 2, what is 1101010001110000100110 - 1001?
1101010001110000011101
In base 3, what is 112 - 12022010112221110?
-12022010112220221
In base 10, what is -19952 + 597?
-19355
In base 12, what is -3174203 + 2?
-3174201
In base 13, what is -1192 + 3790?
25cb
In base 8, what is -1541 - 364600?
-366341
In base 6, what is 12 - 1344011413?
-1344011401
In base 13, what is -1c20 + 3a99?
1b79
In base 10, what is 9044 - 385?
8659
In base 9, what is 2441 - 6407?
-3856
In base 14, what is -b34206 - -28?
-b341bc
In base 16, what is 230 + 75d8?
7808
In base 11, what is 1a - 3271323?
-3271304
In base 6, what is 2220 + -4521035?
-4514415
In base 7, what is -235 + 2550566?
2550331
In base 14, what is -1c4c0 + 23?
-1c49b
In base 6, what is 24200150 - 240?
24155510
In base 14, what is 118d7 - 1?
118d6
In base 16, what is 722 + -12f93?
-12871
In base 3, what is -101111121222 - 1101011?
-101120000010
In base 5, what is 101120 - -123201?
224321
In base 5, what is -124330323 - -21?
-124330302
In base 8, what is -216 + -21114101?
-21114317
In base 15, what is 3625 - -145?
376a
In base 11, what is 177932 + 247?
178079
In base 15, what is bab8d7b + 5?
bab8d81
In base 14, what is a5 + -24658?
-24593
In base 13, what is -4a808 + 810?
-49cc8
In base 16, what is -226b46 - 9?
-226b4f
In base 7, what is -1364 + 40166?
35502
In base 2, what is -101110001011011 - 10100110?
-101110100000001
In base 4, what is -13220113 - 31020?
-13311133
In base 14, what is 8160 + -1252?
6d0c
In base 14, what is -1c44 - -a0d1?
828b
In base 4, what is -1010201233 + 30132?
-1010111101
In base 12, what is 5 + 10a6a76?
10a6a7b
In base 13, what is -b54630c + -2?
-b546311
In base 12, what is -2b33a + 821?
-2a719
In base 16, what is 56f57 - 75?
56ee2
In base 12, what is b0bb5b5 + -3?
b0bb5b2
In base 8, what is 40 - -1217546?
1217606
In base 16, what is -102ef + c8?
-10227
In base 14, what is -596ad65 + 10?
-596ad55
In base 8, what is -4412 - 6201?
-12613
In base 8, what is -50434025 - -2?
-50434023
In base 14, what is -12db52 + -423?
-130175
In base 15, what is -32d20 - 68?
-32d88
In base 8, what is -4 + -153426631?
-153426635
In base 7, what is 126 + -636430?
-636301
In base 12, what is 2364772 - 1?
2364771
In base 2, what is 1001100100000111101000 + -11011?
1001100100000111001101
In base 7, what is -151603353 - 5?
-151603361
In base 3, what is 11102010 - -20210212001?
20222021011
In base 16, what is -30e5 - -110?
-2fd5
In base 9, what is -437601 + -155?
-437756
In base 2, what is -11010011111 + -1101110000010000100?
-1101110011100100011
In base 16, what is b10a7a7 - 0?
b10a7a7
In base 13, what is -a - 1c4ac49?
-1c4ac56
In base 2, what is 110001110111101 - -11111111?
110010010111100
In base 13, what is -1927 - -709?
-121b
In base 15, what is 515 + 25de?
2b04
In base 6, what is -5 + -13112343?
-13112352
In base 5, what is 3 - -203414301?
203414304
In base 14, what is -19c + -536c3?
-53881
In base 7, what is -1230363 - 2646?
-1233342
In base 5, what is -241434 - -12404?
-224030
In base 3, what is -2112012120011012 + -2?
-2112012120011021
In base 12, what is 1 - 10a5a38b?
-10a5a38a
In base 7, what is -153646 - 113?
-154062
In base 16, what is -5dc - -eb8c9?
eb2ed
In base 7, what is 0 + -2615052?
-2615052
In base 14, what is 2027 - -455?
247c
In base 13, what is -9 + -11462c7?
-1146303
In base 3, what is -20100 - 1212120220?
-1212211020
In base 7, what is -3251602 - 146?
-3252051
In base 15, what is 1c - 77083?
-77066
In base 16, what is -3d7 - 33e87?
-3425e
In base 5, what is -2122220110 + 42?
-2122220013
In base 16, what is -919f1 - 16e?
-91b5f
In base 11, what is 4a119aa - 18?
4a11992
In base 12, what is 4943889 - 25?
4943864
In base 13, what is -721 + 53439?
52a18
In base 9, what is -4307337 + 34?
-4307303
In base 6, what is 2022520 - -144214?
2211134
In base 11, what is -2 - -63518167?
63518165
In base 13, what is -382899 + -58?
-382924
In base 2, what is -10011100001100011000001 - 1001?
-10011100001100011001010
In base 2, what is 11 + 1001101111011000111110100101?
1001101111011000111110101000
In base 11, what is 2112620 - -2?
2112622
In base 9, what is 2851318 - 24?
2851284
In base 16, what is -17201 + -167?
-17368
In base 11, what is 199 + -60023?
-5a935
In base 4, what is -10102010031003 + 1?
-10102010031002
In base 10, what is 60 - -1783720?
1783780
In base 13, what is -10ca53 + -c?
-10ca62
In base 4, what is 11232 + 21321?
33213
In base 2, what is -101 + 10101101111101000000001100?
10101101111101000000000111
In base 10, what is 636 - -3461?
4097
In base 6, what is 4 - 235554453?
-235554445
In base 6, what is -443525530 + -42?
-443530012
In base 13, what is 2381 + c7?
2478
In base 9, what is -2 + -10744151?
-10744153
In base 13, what is 58 + -42703?
-42678
In base 4, what is -101 - 2221221232?
-2221221333
In base 7, what is -1244100 - 24?
-1244124
In base 8, what is 337751 + 1126?
341077
In base 12, what is -79 + 774b70?
774ab3
In base 13, what is 1b - 1aaa037?
-1aaa019
In base 15, what is 2eb + -47e8?
-4